x - 5. Is u(y) prime?
False
Suppose 645 = 2*j + 3*j - 5*c, -2*j + 270 = -5*c. Let u(o) = -29*o - 2. Let b be u(-2). Let x = j - b. Is x composite?
True
Let n(g) = -2*g + 31. Let w be n(12). Let l(o) = 14*o**3 + 3*o**2 + 2*o - 8. Is l(w) a prime number?
False
Let x(a) = -7*a**3 - 10*a + a - 7*a - 10*a + 7*a + 2 + 43*a**2. Is x(-7) a prime number?
True
Let q be (-112)/(-10) + (-1)/5. Let a(j) = 219*j - 76. Is a(q) a prime number?
True
Suppose -7*l + 28364 = -7539. Is l prime?
False
Suppose 2*k = 2*q - 606, -4*q + 1247 = k + 2*k. Let u = q + -85. Is u prime?
True
Suppose 0 = 2*j - 4*h, -3*h = -5*j - 6*h. Suppose j*q + 1586 = -2*q. Is (q/(-3))/(-3 + 50/15) a prime number?
False
Let i be 4/10 + 8/(-20). Let z(d) = 0*d + 7 + 21*d + 17*d**2 + d**3 + 15 + i. Is z(-15) a composite number?
False
Let m = -18 - -33. Let p = 15 - m. Suppose -z - 6 = z, p = -2*q + 3*z + 247. Is q a prime number?
False
Suppose -2*n - 445 + 121 = 0. Suppose 0 = -a + 61 + 183. Let l = a + n. Is l prime?
False
Let h(v) = -v**2 + 10*v - 6. Let p be h(9). Suppose -4*u - 2*k = -8*u + 8, -16 = -p*u + 4*k. Suppose 4*r - 452 = -u*r. Is r a prime number?
True
Suppose -2*b + 13188 = 2*h, 0 = 3*b - 17 + 2. Is h composite?
True
Suppose -5*s + 100 = -0*s + 5*p, -2*s + 44 = 4*p. Suppose -s*g - 17732 = -62*g. Is g prime?
False
Let u(w) be the third derivative of 41*w**5/60 - 13*w**4/12 - w**3/2 + 2*w**2. Let b be u(-6). Suppose 0 = 5*p - 6816 - b. Is p a prime number?
False
Suppose 12 = 5*r - 8. Let x(b) = 26*b - 1062. Let w be x(41). Suppose -w*d - y = -2*y - 311, -r*y - 12 = 0. Is d a prime number?
False
Suppose 44*k = 34*k + 10080. Is k/18 + 9/(-1) a prime number?
True
Suppose 0 = -16*k + 27*k - 4323. Suppose 3*y - 3*b - k = 0, 137 = y + 10*b - 14*b. Is y a prime number?
False
Let f(t) = -299*t - 105. Let j(b) = 150*b + 55. Let y(w) = 6*f(w) + 11*j(w). Let d = 12 - 19. Is y(d) composite?
False
Suppose 36*j - 1339309 - 809639 = 0. Is j composite?
False
Let p(f) = 2*f**3 - f**2 + 1. Let m be p(1). Suppose -5*b + 5545 = 5*o, m*b - 1465 = 3*o - 4792. Is o a prime number?
True
Let z be (-63)/(-168) + 1434/16. Suppose -z*j - 959 = -91*j. Is j composite?
True
Suppose 55044123 = 42*g + 69*g. Is g a composite number?
False
Let q(m) = -m**2 - 6*m - 7. Let x be q(-4). Suppose 2*i - 2 - x = p, -15 = 2*i + 5*p. Suppose -y + n = -1282, -y = -i*y - 5*n - 1302. Is y a prime number?
True
Let b(v) be the third derivative of v**5/15 - v**4/6 - 13*v**3/6 + 54*v**2. Is b(10) composite?
False
Suppose 4*z - d - 26729 = -0*d, -5*d = -15. Is z composite?
True
Suppose -2*k + 2480 = 5*x, 2*x + 5*k + 1984 = 6*x. Let b be 3/(-102)*4 + (-69980)/(-68). Let c = b - x. Is c prime?
False
Let d(j) = 2857*j**2 + 937*j + 85. Is d(26) a composite number?
True
Let d(r) = 40508*r**2 - 215*r + 208. Is d(1) composite?
True
Suppose 0 = -3*m + 5*r + 24, -2*r - 1 - 2 = m. Let o = -486 + 484. Is 2006 + (3 - (o - (-24)/m)) a prime number?
True
Let p be (-26)/(-10) + (-22)/(-55). Suppose 0 = -b + p*l + 148, 2*b - l - 297 = 4*l. Suppose 12*w + b = 3667. Is w prime?
True
Suppose 0 = -x - 3, -x = 4*n + 2*x - 15. Suppose 10 + n = -4*y. Is (-34)/51*(2410/y + 1) a prime number?
True
Let j(v) = -697*v + 1371. Is j(-20) a prime number?
False
Let i = -3438 - -5412. Let m be (2 - 1)*(-22)/(-2). Suppose i = -5*g + m*g. Is g a composite number?
True
Let z(y) = 460*y**2 - 365*y + 2953. Is z(8) a composite number?
False
Let l be ((-160)/24 - -5)*(-6)/10. Let i(m) = 2574*m + 31. Is i(l) a prime number?
False
Let b be -27*(4 - 204/27)*6. Let z = b + -385. Is z a composite number?
False
Is (662390/(-15))/((-8)/12) a composite number?
False
Let r = 36863 + -24923. Suppose f - r + 4333 = 0. Is f a composite number?
False
Let g = 162131 + -81822. Is g a prime number?
True
Let r(z) = -7*z**2 + 5*z + 32*z**3 - z - 17 - 35*z**3. Is r(-4) a prime number?
True
Suppose -2*d - d = -39. Let j be (6 - (8 - 5))*-1 - -15729. Suppose 0 = d*o - 49105 - j. Is o prime?
True
Let q = 512372 + -217057. Is q a composite number?
True
Let c(x) be the third derivative of x**5/30 + 13*x**4/12 + 59*x**3/6 + 3*x**2. Suppose -2*h + 50 = -2*p, 120*h - 21 = p + 117*h. Is c(p) a composite number?
True
Let v(z) = -4524*z - 25. Let r(u) = -9050*u - 49. Let q(h) = 2*r(h) - 5*v(h). Is q(8) a prime number?
True
Suppose -2*n + 8847 = -4*s + 9*s, -2*s - 5*n + 3522 = 0. Is (s/14 - 1)*6 composite?
True
Let a = 2397425 - 1676062. Is a a prime number?
True
Let r = 16981 + 10432. Is r prime?
False
Suppose -199607 = -3*c - 0*n - 2*n, -2*n = c - 66537. Suppose -c = -277*a + 272*a. Is a a prime number?
False
Suppose -730420 - 370847 = -3*k - 330954. Is k composite?
False
Let s(a) = -a**3 + 92*a**2 + 131*a - 941. Is s(85) a prime number?
False
Is ((-25)/5 - 4)*(-6012883)/153 prime?
True
Let c = 109 + -109. Suppose -35 = -4*m - j, c = m + m - 4*j - 40. Suppose -19145 = 3*d - m*d. Is d composite?
True
Let t be 8899/3 + 1/(-3). Suppose 5*h = 2*g + 9, 153*h - 151*h = g + 2. Suppose h*b + u - t = 0, 0 = -2*b - b + 4*u + 1775. Is b composite?
False
Let i be 8/68 - (-98)/34. Let z be 3*(11/3 - i). Is (-55539)/(-36) + z/8 a prime number?
True
Let q(f) = -2*f**3 + 3*f**2 + 5*f + 10. Let o(i) = i**2 + 7*i - 2. Let r be o(-2). Let d = r + 8. Is q(d) composite?
True
Suppose -46*l - 1451096 = -3345406 - 1868996. Is l composite?
True
Suppose 2707 + 2051 = -3*i. Let u = i + 3067. Let g = u + -630. Is g a prime number?
False
Let s(d) = 1466*d + 276. Let p(a) = 293*a + 55. Let i(c) = -14*p(c) + 3*s(c). Is i(18) prime?
False
Let g(r) = -r**2 + 9*r - 5. Let d = -36 - -44. Let z be g(d). Is (-4995)/(-4) + 0 + z/12 composite?
False
Let i(b) = 6*b**2 + 3*b + 1. Let c be i(-1). Suppose j - 10 = -c*o, -j = 5*o - 2*j - 17. Suppose 2*g + 4*z - 3578 = 0, o*g + 0*z + 5*z = 5364. Is g prime?
True
Let g be (-4 - (-1 + -3))/(-5). Is 2522/6 - g - (-44)/(-33) a composite number?
False
Let u be -1 + ((-30170)/(-8) - 2/8). Suppose -5*h = -720 - u. Suppose -3*i + 4*p + 333 = -984, 2*i + 4*p = h. Is i a prime number?
True
Suppose 3*x + 33768 = -0*s + 2*s, 4*s - 67536 = -5*x. Suppose 5*g = 3*d + s, g - 4*g = -2*d - 10130. Suppose -7199 - g = -7*w. Is w composite?
False
Suppose -13*n = -9*n - 9*n. Suppose -5*z + 12*z - 70147 = n. Is z composite?
True
Suppose 5*s = -15, 5*p + 14*s - 521738 = 15*s. Is p a composite number?
False
Let c be 63/(-13) + 5/(195/(-6)). Let k be (-1 + c)*(-6)/9. Suppose -k*v + v + 5685 = 0. Is v a composite number?
True
Let o(c) be the first derivative of 75/2*c**2 + 14 + 37*c. Is o(14) a composite number?
False
Suppose 8 = g + 6. Suppose 0 = g*j + z + 4*z - 10, 3*z - 63 = -5*j. Suppose -j*m = -10*m - 1775. Is m a composite number?
True
Let x = 153869 - 10434. Is x a composite number?
True
Let l be (-62626)/(-5) - (-11)/(-55). Suppose 0 = 6*w - 2*w - 8, 0 = 5*r + 5*w - l. Is r a prime number?
True
Let a(p) = p**2 - 6*p + 45. Let n(d) = 103*d - 2 + 5*d**2 - 2 - 100*d. Let h be n(2). Is a(h) composite?
False
Suppose 18 = 6*b - 0. Suppose 2*r = -5*a - 2, -5*r + b = a + 8. Suppose a = w - 5*c - 404, -2*c = -w - w + 816. Is w a prime number?
True
Let a(n) = -n**2 - 11*n - 20. Let b be a(-5). Suppose b*p = 5147 - 217. Is p a prime number?
False
Suppose 41*d + 102104 = 45*d - 4*g, 76563 = 3*d + 2*g. Is d prime?
True
Let g be 17110 - (-19 + 10)*(-1)/(-3). Suppose -4*m + g = 8*c - 5*c, -c + 8557 = 2*m. Is m a prime number?
False
Let d = 751 - 2213. Let g = d + 3313. Let j = 440 + g. Is j a prime number?
False
Let i(j) = 65*j**2 + 245*j - 389. Is i(-79) a composite number?
True
Let x(o) = -o**2 - o + 58. Let i be x(-8). Suppose -264 = 3*j - 5*j. Suppose i*n - 2202 = j. Is n a prime number?
False
Suppose -m + 60073 = 12*m. Let o = -9323 + m. Let y = 8249 + o. Is y prime?
True
Let w(d) = -5466*d - 5513. Is w(-34) a prime number?
True
Let k be ((-9)/((-108)/(-8)))/((-1)/(-147)). Let f be (1 - 0) + (-3)/(-6)*k. Is (-347*3/(-2))/((-24)/f) composite?
True
Let n(u) = 167*u**2 + 53*u - 18 - 84*u**2 - 81*u**2. Is n(13) a prime number?
True
Let q be (24/((-5)/(15/(-6))))/2. Let r(d) = 21*d - 5 + 29*d**2 + 0 - 7*d. Is r(q) prime?
True
Suppose 3*m + g + 171 = 0, 3*m + 4*g + 183 = -g. Let r = m + 60. Is 1/r + 36201/12 prime?
False
Suppose -8*o - 30 = -2*o. Let u be 2279 - (o - -3)*1. Let w = 162 + u. Is w a prime number?
False
Let